divided by 18.
7
Calculate the remainder when 345 is divided by 30.
15
What is the remainder when 530 is divided by 135?
125
What is the remainder when 611 is divided by 15?
11
What is the remainder when 3448 is divided by 25?
23
What is the remainder when 54 is divided by 19?
16
What is the remainder when 70 is divided by 59?
11
What is the remainder when 134 is divided by 63?
8
Calculate the remainder when 365 is divided by 172.
21
Calculate the remainder when 54 is divided by 16.
6
What is the remainder when 711 is divided by 55?
51
What is the remainder when 258 is divided by 233?
25
What is the remainder when 3173 is divided by 53?
46
What is the remainder when 167 is divided by 13?
11
What is the remainder when 106 is divided by 30?
16
What is the remainder when 2958 is divided by 38?
32
Calculate the remainder when 142 is divided by 33.
10
What is the remainder when 444 is divided by 145?
9
Calculate the remainder when 63 is divided by 39.
24
What is the remainder when 210 is divided by 44?
34
What is the remainder when 143 is divided by 13?
0
Calculate the remainder when 1379 is divided by 15.
14
What is the remainder when 262 is divided by 41?
16
What is the remainder when 130 is divided by 21?
4
What is the remainder when 329 is divided by 22?
21
Calculate the remainder when 31 is divided by 21.
10
What is the remainder when 2443 is divided by 206?
177
Calculate the remainder when 11335 is divided by 13.
12
Calculate the remainder when 51 is divided by 23.
5
What is the remainder when 6360 is divided by 86?
82
Calculate the remainder when 118 is divided by 49.
20
What is the remainder when 237 is divided by 20?
17
Calculate the remainder when 640 is divided by 330.
310
What is the remainder when 1731 is divided by 62?
57
What is the remainder when 18394 is divided by 18?
16
Calculate the remainder when 223 is divided by 55.
3
What is the remainder when 779 is divided by 20?
19
Calculate the remainder when 780 is divided by 98.
94
Calculate the remainder when 348 is divided by 70.
68
What is the remainder when 81 is divided by 12?
9
What is the remainder when 2449 is divided by 50?
49
What is the remainder when 12241 is divided by 371?
369
Calculate the remainder when 1076 is divided by 27.
23
What is the remainder when 143 is divided by 39?
26
What is the remainder when 460 is divided by 55?
20
Calculate the remainder when 303 is divided by 78.
69
Calculate the remainder when 173 is divided by 16.
13
What is the remainder when 45 is divided by 16?
13
What is the remainder when 8280 is divided by 41?
39
What is the remainder when 1603 is divided by 88?
19
What is the remainder when 3722 is divided by 81?
77
What is the remainder when 109 is divided by 46?
17
Calculate the remainder when 2261 is divided by 1098.
65
What is the remainder when 315 is divided by 101?
12
What is the remainder when 1533 is divided by 24?
21
What is the remainder when 578 is divided by 123?
86
What is the remainder when 137 is divided by 51?
35
What is the remainder when 741 is divided by 106?
105
What is the remainder when 68447 is divided by 186?
185
Calculate the remainder when 543 is divided by 189.
165
Calculate the remainder when 37 is divided by 3.
1
What is the remainder when 286 is divided by 41?
40
What is the remainder when 5948 is divided by 175?
173
Calculate the remainder when 153 is divided by 41.
30
Calculate the remainder when 72 is divided by 16.
8
Calculate the remainder when 559 is divided by 8.
7
What is the remainder when 289 is divided by 139?
11
Calculate the remainder when 103 is divided by 37.
29
What is the remainder when 533 is divided by 32?
21
Calculate the remainder when 75 is divided by 19.
18
What is the remainder when 524 is divided by 75?
74
What is the remainder when 237 is divided by 84?
69
What is the remainder when 126 is divided by 47?
32
Calculate the remainder when 565 is divided by 259.
47
What is the remainder when 744 is divided by 68?
64
Calculate the remainder when 242 is divided by 51.
38
Calculate the remainder when 359 is divided by 122.
115
What is the remainder when 265 is divided by 16?
9
Calculate the remainder when 200 is divided by 52.
44
What is the remainder when 6197 is divided by 62?
59
What is the remainder when 1826 is divided by 456?
2
Calculate the remainder when 1410 is divided by 236.
230
Calculate the remainder when 1794 is divided by 894.
6
What is the remainder when 560 is divided by 47?
43
Calculate the remainder when 248 is divided by 82.
2
What is the remainder when 1118 is divided by 24?
14
Calculate the remainder when 443 is divided by 64.
59
Calculate the remainder when 317 is divided by 46.
41
Calculate the remainder when 90 is divided by 35.
20
What is the remainder when 323 is divided by 118?
87
Calculate the remainder when 403 is divided by 11.
7
Calculate the remainder when 262 is divided by 5.
2
Calculate the remainder when 144 is divided by 55.
34
Calculate the remainder when 563 is divided by 44.
35
What is the remainder when 81 is divided by 56?
25
What is the remainder when 91 is divided by 37?
17
Calculate the remainder when 388 is divided by 87.
40
Calculate the remainder when 63 is divided by 23.
17
What is the remainder when 11245 is divided by 30?
25
What is the remainder when 10687 is divided by 334?
333
What is the remainder when 162 is divided by 41?
39
What is the remainder when 241 is divided by 116?
9
What is the remainder when 1643 is divided by 173?
86
What is the remainder when 292 is divided by 62?
44
Calculate the remainder when 1271 is divided by 24.
23
What is the remainder when 626 is divided by 101?
20
What is the remainder when 237 is divided by 8?
5
What is the remainder when 371 is divided by 5?
1
Calculate the remainder when 319 is divided by 48.
31
Calculate the remainder when 1211 is divided by 224.
91
Calculate the remainder when 13669 is divided by 147.
145
What is the remainder when 581 is divided by 73?
70
Calculate the remainder when 2444 is divided by 9.
5
Calculate the remainder when 2022 is divided by 127.
117
What is the remainder when 636 is divided by 272?
92
What is the remainder when 694 is divided by 349?
345
Calculate the remainder when 51 is divided by 2.
1
Calculate the remainder when 1522 is divided by 190.
2
What is the remainder when 3681 is divided by 1833?
15
Calculate the remainder when 827 is divided by 61.
34
Calculate the remainder when 523 is divided by 107.
95
What is the remainder when 350 is divided by 44?
42
Calculate the remainder when 364 is divided by 19.
3
Calculate the remainder when 282 is divided by 135.
12
Calculate the remainder when 116 is divided by 17.
14
What is the remainder when 177 is divided by 66?
45
What is the remainder when 87799 is divided by 26?
23
What is the remainder when 476 is divided by 60?
56
Calculate the remainder when 88 is divided by 58.
30
What is the remainder when 748 is divided by 6?
4
Calculate the remainder when 1263 is divided by 55.
53
What is the remainder when 524 is divided by 130?
4
What is the remainder when 2722 is divided by 58?
54
What is the remainder when 1077 is divided by 216?
213
What is the remainder when 2173 is divided by 33?
28
Calculate the remainder when 657 is divided by 94.
93
Calculate the remainder when 2878 is divided by 36.
34
What is the remainder when 100 is divided by 88?
12
Calculate the remainder when 2406 is divided by 64.
38
What is the remainder when 2139 is divided by 52?
7
Calculate the remainder when 1456 is divided by 183.
175
Calculate the remainder when 45694 is divided by 12.
10
Calculate the remainder when 86 is divided by 11.
9
Calculate the remainder when 232 is divided by 59.
55
Calculate the remainder when 1035 is divided by 1018.
17
What is the remainder when 161 is divided by 8?
1
Calculate the remainder when 216 is divided by 33.
18
Calculate the remainder when 143 is divided by 50.
43
What is the remainder when 1559 is divided by 12?
11
What is the remainder when 464 is divided by 155?
154
Calculate the remainder when 110 is divided by 38.
34
What is the remainder when 982 is divided by 327?
1
Calculate the remainder when 910 is divided by 111.
22
What is the remainder when 110 is divided by 26?
6
What is the remainder when 